ose -5*o + 5*s - 90 = -325, 143 = 3*o - g*s. Calculate the remainder when o is divided by 23.
22
Suppose -j + 339 = 2*j. Let f = j - 70. Calculate the remainder when f is divided by 11.
10
Suppose -2*g - 1 = 3*k - 5, 0 = -g - 3*k + 2. Suppose -3*u - g*u = -3*v - 31, 4*v + 28 = 5*u. Calculate the remainder when u is divided by 3.
2
Suppose 5*p - 22 = -y, 2*y - y + 2*p = 13. Let x = y - 1. Calculate the remainder when x is divided by 2.
0
Let t be (-4)/(12/(-1))*15. Suppose -5*v - t*m + 11 = -14, -3*m = -3*v + 15. Calculate the remainder when 8 is divided by v.
3
Suppose -3*h - u - 16 = 0, -4*u = 5*h - 3*u + 30. Suppose 5*l + 39 = 3*f, -4*f + l + 52 = 3*l. What is the remainder when f is divided by (-1)/1*1*h?
6
Let u(z) = -2*z**3 - 5*z**2 - 3*z. Let t be u(-4). Suppose -3*g + 4*x + 31 = 8*x, 4*x + t = 4*g. Calculate the remainder when 38 is divided by g.
12
Let u = 53 + -43. Calculate the remainder when 39 is divided by u.
9
Let z = -12 - -15. Suppose 2*p = -z*a + 36, a - 3*a - 41 = -3*p. What is the remainder when 44 is divided by p?
14
Let g = -7 + 20. What is the remainder when 25 is divided by g?
12
Let n(d) = -d**2 - 7*d - 6. Let u be n(-7). Let t be ((-14)/u)/((-3)/(-9)). Suppose -i = -t + 1. Calculate the remainder when 16 is divided by i.
4
Let j(p) = -p**2 + 2. Let y(m) = -m + 7. Let k be y(7). Let o be j(k). Let v = o - -2. Calculate the remainder when 10 is divided by v.
2
Let q = -43 + 46. Suppose -12 = -4*s, -13 - 9 = -5*g - 4*s. Calculate the remainder when q is divided by g.
1
Calculate the remainder when 11 is divided by 1*(3 + -2) - -8.
2
Suppose -5*j = -12*j + 28. What is the remainder when 13 is divided by j?
1
What is the remainder when 46 is divided by (-15 + -2)*(-4)/8*2?
12
Let o(z) = 6*z + 5. Let b(y) = -y - 1. Let f(i) = 34*b(i) + 6*o(i). What is the remainder when 20 is divided by f(6)?
4
Let i = 1 + 1. Let l be 1/2 + (-18)/(-4). Suppose -3*y + 3*a = -15, -a - 18 = -l*y - 3*a. What is the remainder when y is divided by i?
0
Let q = 5 - -1. Let d = q + -1. Calculate the remainder when 17 is divided by d.
2
Let m(z) = 48*z**2 + z + 2. Let x be m(-2). Suppose -5*i + x = -i. What is the remainder when 6 is divided by 6/(-4)*i/(-18)?
2
Suppose -4*y - 288 = -4*q, 4*y = 2*y + 4. Suppose -4*z + q - 22 = 0. Let v = -75 + 112. Calculate the remainder when v is divided by z.
11
Let c(v) = v**3 + 7*v**2 + 6*v + 8. Calculate the remainder when 126 is divided by c(-4).
30
Suppose -5*z - 2*v = -10*z + 128, 2*z = v + 51. Calculate the remainder when z is divided by 9.
8
Let w = 7 - 6. Calculate the remainder when 18 is divided by w*(8/(-4) - -9).
4
Let m(q) = 15*q**2 - 22*q + 5. What is the remainder when m(4) is divided by 40?
37
Let j = 40 - 18. Let r be ((-7)/(-14))/((-1)/(-6)). Suppose r*s - 4*f = 36, -s + 2*f = s - 22. Calculate the remainder when j is divided by s.
6
Let v be 6*1*100/6. Suppose 0 = 4*k + 12 + v. Calculate the remainder when 31 is divided by 2/7 - 300/k.
9
Let f(o) = -6*o**2 - 6*o + 5. Let n be f(3). Suppose -i - 33 = 3. Let u = i - n. Calculate the remainder when u is divided by 16.
15
Let u(m) = m**2 - 6*m - 22. What is the remainder when 68 is divided by u(10)?
14
Suppose -4*v - 1 = -2*k - 9*v, -29 = -3*k - 2*v. Calculate the remainder when k is divided by (-3)/6*-4 - -3.
3
Suppose k - 5 = -0*k. Suppose z = 5*q + 2*z - 6, 10 = -k*q - 5*z. What is the remainder when q is divided by 1?
0
Let n(z) = 5*z**2 + 2*z + 2 + 0 - z**3 - 4*z**2. Let w(i) = 7*i**2 - i + 3. What is the remainder when w(2) is divided by n(-2)?
9
Suppose 2 = -4*l + 70. Calculate the remainder when 63 is divided by l.
12
What is the remainder when 13/((-3)/(-18)*(-5 + 7)) is divided by (-5)/((3/(-2))/3)?
9
Let o = 0 + 53. Calculate the remainder when o is divided by (-3)/(-2)*(4 - -14).
26
Suppose -l + 182 + 42 = 5*b, -5*b - 5*l + 220 = 0. Calculate the remainder when b is divided by 16.
13
Suppose 0*h = -h + 9. Let z = h + -6. Suppose 8 = z*k - 28. What is the remainder when 34 is divided by k?
10
Let w = -20 + 32. Calculate the remainder when w is divided by 3.
0
Let k = 32 + 72. Suppose k = 2*l + 2*l. What is the remainder when l is divided by 14?
12
Suppose 3*f = -4*v + 26, -4*f + 16 = -5*v + 2. What is the remainder when 6 is divided by f?
0
Let i(x) = x**3 + 11*x**2 - x - 9. Let z be i(-11). Suppose -19 = -z*g - 7. Calculate the remainder when ((-2)/(-4))/(2/68) is divided by g.
5
Let u be (-3)/15 + (-348)/10. Calculate the remainder when 49 is divided by -5*1*119/u.
15
Let a(n) = -n**2 - 6*n + 15. Let u(h) = -h**3 + 6*h**2 + 4*h - 6. Suppose -2*g + 4 = s, -s - 5*g = s - 8. What is the remainder when u(s) is divided by a(-6)?
12
Suppose r - 2*r + 17 = 0. Suppose 0 = -9*w - 10*w + 1235. Calculate the remainder when w is divided by r.
14
Suppose 0 = 8*a - 740 + 108. Calculate the remainder when a is divided by (-10)/(6/4 + -2).
19
Let y = 62 - 37. What is the remainder when 73 is divided by y?
23
Let k be 10/35 - 976/(-14). Let o = k - 49. Calculate the remainder when 41 is divided by o.
20
Suppose 5*g - g = 0. Calculate the remainder when (-1)/(g + 1/(-5)) is divided by 4.
1
Suppose -3*y - 2*y - 110 = 0. Let k be y/(-4) - 9/6. Let l(n) = n - 3. What is the remainder when 2 is divided by l(k)?
0
Let q(w) = w**2 - 3*w - 3. What is the remainder when 27 is divided by q(5)?
6
Suppose 2*d - 21 = 1. Let k(n) = 9*n - 49. Calculate the remainder when k(9) is divided by d.
10
Let a = -5 - -10. Let t(g) = g**3 + 8*g**2 + 6*g - 4. Let u be t(-7). Suppose u*k - a*k + 54 = 0. What is the remainder when k is divided by 14?
13
Suppose 0 = -k - 2*c - 2*c - 20, -k = -c + 40. Suppose 0 = 2*m - 0*m - 108. Let u = m + k. What is the remainder when u is divided by 10?
8
Let r(k) = -3*k. Let v be r(-1). Suppose 0 = -v*x - 5*a + 17, -4*a + 0 = -16. What is the remainder when (3/((-3)/13))/x is divided by 7?
6
Let d be (1 - -59)*6/(-12). Let g be 20/(-1)*d/24. Suppose 4*v + v = g. What is the remainder when 7 is divided by v?
2
Let i = -1 - 1. Calculate the remainder when (-3)/12*2*-26 is divided by (i - -1) + 2*4.
6
Let c = 49 + -36. Calculate the remainder when c is divided by 3.
1
Calculate the remainder when 12 + -10 + 125*1 is divided by 26.
23
Suppose -y - y = -4, 3*r - 59 = 5*y. Suppose 91 - 22 = 3*l. Calculate the remainder when r is divided by 2/8 + l/4.
5
What is the remainder when 104 is divided by (-1 + 2 + 1)*(-275)/(-10)?
49
What is the remainder when 62 + -2*9/6 is divided by 30?
29
Let v(q) = -q**3 - 8*q**2 - 7*q + 8. What is the remainder when v(-7) is divided by 6?
2
Suppose -40 = b - 2*b. Calculate the remainder when 79 is divided by b.
39
Let v(t) = -7*t**2 + 2*t + 15. Let n(d) = -3*d**2 + d + 7. Let r(u) = 13*n(u) - 6*v(u). What is the remainder when r(-3) is divided by 13?
12
Suppose 580 = 4*y + 4*t - t, 0 = -4*y + t + 580. Suppose 0 = -5*j + 520 - y. Calculate the remainder when j is divided by 19.
18
Let w(y) = y**2 - 6*y - 5. Let j = 1 + 6. Calculate the remainder when 6 is divided by w(j).
0
What is the remainder when 6 is divided by 0/2 - (-4 + 0)?
2
Suppose 6*u + 90 = 5*k + u, 92 = 5*k - 3*u. Calculate the remainder when 54 is divided by k.
16
Let t(j) = j**2 - 13. Suppose 2*v - v + 8 = -3*p, -p = 4*v - 12. Calculate the remainder when v is divided by t(4).
1
Suppose 0*r - 8 = -2*r, 2*h - 2*r = 2. Let k(m) = h*m + 1 - 3*m + m - 4. What is the remainder when 25 is divided by k(4)?
7
Let r = 121 - 68. Suppose 0 = y - 0*y - r. What is the remainder when y is divided by 27?
26
Let c = -2 - -5. Suppose -c*s - 6 = -5*s. Suppose s*a - 7*a = -12. Calculate the remainder when 8 is divided by a.
2
Let r = 14 + 13. Let j = r - 10. What is the remainder when j is divided by 5?
2
Let f = -48 + 73. Let y = -26 - -39. What is the remainder when f is divided by y?
12
Calculate the remainder when -2 - -35 - (1 - -3)/(-1) is divided by 16.
5
Let d(l) = -25*l - 1. Let c be d(-2). Suppose 0*v - v = 5*q - c, -2 = 2*v. What is the remainder when q is divided by 6?
4
Let a(r) = 5*r - 3. Let l = 5 + -9. What is the remainder when a(3) is divided by (-30)/l + (-5)/10?
5
Suppose 4*i + 9 = t + 2*t, 0 = 3*t + 3*i - 9. Suppose 0 = 5*o + 3*n - 87, 2*o + 2*o = t*n + 48. Calculate the remainder when 73 is divided by o.
13
Calculate the remainder when 28 is divi